alculate the greatest common factor of 12 and b.
12
Let r = 429 - 405. Suppose -357 = -r*y + 147. What is the highest common divisor of y and 1260?
21
Let k(f) = -f**3 + 2*f**2 - 20*f - 20. Let z be k(-5). Let n = z - 179. What is the highest common factor of 76 and n?
76
Suppose 31*l + 45*l - 23448 - 2468 = 0. Calculate the greatest common factor of l and 33.
11
Suppose -2*r - 5*y - 17 = 2*r, 5*y = -25. Suppose r*k = -3*v + 127, -5*k = 5*v - 64 - 241. Calculate the greatest common factor of k and 7.
7
Let m(f) = 105*f**2 + 39*f - 261. Let z be m(10). Calculate the highest common factor of 18 and z.
9
Let n be (-1 - -832) + -1 + 2. Suppose -1452*x - 202748 = -2234*x - 184*x - 2933*x. What is the highest common factor of x and n?
52
Let w be 7/((-210)/18) + (-3932940)/(-275). What is the highest common factor of 63 and w?
63
Let p be -1 - (-2 - 1) - -14. Let w(i) = -61*i - 26. Suppose -4*s = 4*x - 9 - 3, -15 = -3*x. Let o be w(s). Calculate the greatest common divisor of o and p.
16
Let l be -7 - (-1 + (-2 - 6)). Suppose -l*b - 75 = -133. What is the highest common factor of 261 and b?
29
Suppose 624 = 4*s - 4*i, -52 = -4*i - 28. What is the greatest common factor of 1116 and s?
18
Let w = -187 - -151. Let z = w - -41. What is the greatest common divisor of 215 and z?
5
Let w(n) = 3*n**2 - 190*n - 53 + 65*n + 54*n - 5*n**2 + 47*n. Let j be w(-3). What is the greatest common factor of 32 and j?
1
Suppose 7*h - 14*h = -21*h + 350. Calculate the highest common factor of h and 17.
1
Let o(j) = 3*j**2 - 159*j - 982. Let p be o(59). Calculate the highest common factor of 6280 and p.
40
Let m(k) = 200*k + 13. Let x be m(1). Let i = -192 + x. What is the greatest common divisor of 21 and i?
21
Suppose 2*k + 3 - 11 = 0. Let d be (-1)/(k/(-12)) - (2 + 11). Let n be (-36)/d - 12/(-30). What is the highest common divisor of 40 and n?
4
Suppose -1075*u + 1112*u - 43701 = -1373. What is the highest common divisor of 528 and u?
88
Let w be (8/6)/((-1)/(-33)). Let p = 587 - 460. Suppose -5*m - 400 = -3*o - m, o + 5*m = p. What is the greatest common divisor of w and o?
44
Suppose 164 = 4*u + 2*x, 2*u - 26*x - 58 = -21*x. Calculate the highest common factor of u and 729.
3
Suppose -378 = -5*d - 3*s, -5*d + 36 + 343 = 4*s. What is the greatest common divisor of d and 3400?
25
Let h(t) = -54*t - 2590. Let z be h(-48). Suppose 0 = -4*c - c - 2*a + 11, c + 5 = -4*a. Suppose -2*u + 23 = c. Calculate the highest common factor of u and z.
2
Suppose 0 = -10*r - 215*r + 72450. Calculate the greatest common factor of r and 14.
14
Let y(i) = -8*i + 1. Let t be y(-2). What is the greatest common factor of 6596 and t?
17
Let t = 170 - 58. Let q be 28/(-154) - (2 - t/11). Suppose 12 = -7*r + q*r. Calculate the greatest common divisor of 12 and r.
12
Let q(x) = x**2 + 5*x + 5. Let d be q(-5). Suppose 4*r + d*v - 81 = 0, -5*v = -6*r + 3*r + 52. Calculate the greatest common factor of 95 and r.
19
Let f(w) = w**3 - 8*w**2 + 9*w + 22. Let s be f(7). What is the highest common divisor of s and 588?
12
Let a = -2643 - -1600. Let q = -805 - a. Calculate the greatest common factor of q and 595.
119
Let s(b) = 13*b**2 + 5*b - 25. Let p be s(3). Let f = 449 - p. Calculate the greatest common factor of 27 and f.
9
Let i(a) = 41*a**2 - 2*a - 2. Let o be i(-2). Suppose 2*f + 136 = 3*s + 4*f, 5*f + o = 4*s. Let t = 226 - 222. What is the greatest common divisor of s and t?
4
Let u = -1760 - -3864. What is the greatest common factor of u and 4?
4
Suppose 2*j = 5*p + 43, 21*p - 19*p = 14. Calculate the greatest common divisor of j and 234.
39
Let i(l) = -35*l + 48*l - 4 + 3 - 24*l + l**3. Let p be i(-3). Calculate the greatest common divisor of 35 and p.
5
Let i(w) = 9*w**2 - 52*w - 9. Let u be i(6). What is the highest common divisor of u and 85?
1
Suppose -4*k - 311*r = -310*r - 1886, -6*k = 3*r - 2826. Calculate the highest common factor of k and 2419.
59
Suppose 713*b - 2*p + 1856 = 715*b, b - 4*p = 928. Calculate the greatest common divisor of 1914 and b.
58
Suppose -2*p + 158 = -226. Let u(s) = s**3 + 45*s**2 + 5*s + 273. Let i be u(-45). Calculate the highest common factor of p and i.
48
Let c(v) = -71*v - 133. Let p be c(-91). Calculate the greatest common divisor of 70 and p.
14
Let l be 117 + 5 - (-4)/(-4). Let a = -94 + l. Calculate the highest common factor of 18 and a.
9
Let l = 994 - 982. What is the greatest common factor of l and 11100?
12
Let q = -14912 + 14951. Let n be (-3)/(80/(-78) + 1). What is the greatest common factor of q and n?
39
Suppose 2*u + 401 - 7 = 0. Let p = 267 + u. What is the highest common divisor of 98 and p?
14
Let o(c) = -c**2 + 28*c - 2. Let s be o(29). Let r(u) = u**3 + 34*u**2 + 77*u + 98. Let i be r(s). What is the highest common factor of 22 and i?
22
Let f = -1704 + 1800. What is the greatest common factor of f and 3648?
96
Let t be 6/8 + 29475*25/300. Calculate the highest common factor of 91 and t.
91
Let x(l) = 15*l + 403. Let s be x(-5). What is the highest common factor of 512 and s?
8
Suppose 3*z + 2*o + 690 = 1305, 9 = -3*o. Calculate the greatest common factor of z and 1794.
69
Let a = 17 - 8. Let m be 35/4 + (-1)/(-4). Suppose 6*c - 7*c = -m. Calculate the highest common factor of c and a.
9
Let t = -16440 - -18060. Calculate the highest common divisor of t and 1050.
30
Let l = -283 - -258. Let u = 171 - l. Calculate the greatest common factor of u and 49.
49
Let q(p) = -4*p**2 + 179*p + 17. Let d be q(5). Calculate the greatest common factor of d and 91.
7
Let y be (-8)/(83/(-100) - 21/(-28)). Suppose 110 + y = 2*r. Calculate the greatest common divisor of r and 35.
35
Suppose 0 = -5*w + 5*d + 33 + 27, -4*w + 2*d = -50. Suppose m - 37 = -p, m = -4*p + 47 - w. What is the greatest common divisor of m and 418?
38
Suppose -4*n - 86 = -21*v + 16*v, 3*v - 2*n - 50 = 0. Let a(h) = -1 + 3*h + 1 - h. Let u be a(1). What is the greatest common factor of v and u?
2
Let r(y) = 113*y - 58*y - 2 + 31*y**3 - 48*y - 4*y**2 - 2. Let k be r(1). What is the highest common divisor of 40 and k?
10
Let p = 7106 + -7095. Calculate the highest common divisor of 8899 and p.
11
Let n(v) = 19*v + 1046. Let t be n(14). Suppose -a - 149 = -5*m + 256, 0 = 4*a - 20. What is the highest common divisor of t and m?
82
Let j be ((-9)/(-12) + 66/(-24))*-6. Suppose 3*m = 4*k - 11, m - j + 4 = -k. Suppose -t - t + 23 = v, -k*t = -20. What is the greatest common factor of 9 and v?
3
Let n(p) be the first derivative of p**2/2 - 13*p - 15. Let j be n(10). Let f be (-6)/(6/243*j). Calculate the highest common divisor of 9 and f.
9
Let b(a) = 4*a**2 - 17*a - 78. Let m be b(-6). Suppose 4*q = 3*d + 138, -2*d + 1 = -3. Calculate the greatest common divisor of m and q.
12
Suppose -5568 = -45*l + 29*l. What is the greatest common factor of l and 96?
12
Suppose 32*l = 69*l - 49654. Calculate the greatest common factor of 366 and l.
122
Let q = -1474 - -1484. Calculate the highest common divisor of q and 730.
10
Suppose s - 5 = 20. Suppose 0 = -s*o + 17*o + 640. What is the highest common factor of 128 and o?
16
Suppose -3*w = 3*l + w + 19, -4*w - 15 = -l. Let o be (-2 - (2 - l - 19)) + -1. Calculate the greatest common divisor of o and 104.
13
Let i = 7656 - 7348. What is the highest common divisor of 84 and i?
28
Suppose 5*m - 4*o + 13 = 213, -4*m - 5*o = -160. Calculate the greatest common divisor of m and 4840.
40
Suppose -4*r + 1118 = 5*h, -96*r + h - 1366 = -101*r. What is the greatest common divisor of r and 104?
8
Let o(v) = 14*v - 22. Suppose 5*q + 3*j - 23 = 0, 0*j - 21 = -4*q - 5*j. Let h be o(q). What is the highest common divisor of h and 51?
17
Suppose 15*h + 48 = 3*h. Let j be (-2 + 0)/(-2) + h - 10. Let n be j/78 + 10/(-12) - -15. Calculate the greatest common divisor of 14 and n.
14
Suppose u + 0 = 6. Let x(t) = 7*t - 422. Let i be x(122). Calculate the highest common factor of i and u.
6
Suppose 2 = -2*m + 16. Let a be (735/10)/((-2)/(-4)). Let v = a - 56. What is the highest common divisor of v and m?
7
Let f = -7315 + 7342. What is the highest common divisor of f and 21951?
27
Let w be 24570/165 + 1 + (-4)/(-44). What is the greatest common divisor of 30 and w?
30
Let s = 78 + -72. Suppose -5*c - 6 = -s. Suppose c = -2*i + i + 39. Calculate the highest comm